- 5*t - 45 = 0. Let p be ((-12)/(-5))/(3/70). Calculate the greatest common divisor of v and p.
8
Let a(b) = -b**2 - 10*b - 10. Let w be a(-6). Calculate the greatest common divisor of w and 35.
7
Suppose -5*d + 240 = 7*d. Calculate the greatest common divisor of 50 and d.
10
Suppose 4*u + 4*r + 11 = 3*u, 0 = r + 4. Suppose 5*p + 3*y = 5*y + 110, -2*p = -u*y - 23. Calculate the highest common factor of p and 12.
12
Suppose -47 = -4*y + 33. What is the greatest common divisor of 140 and y?
20
Let v be (0 + -31 + 1)*20/(-40). Let j = 260 + -155. Calculate the greatest common divisor of j and v.
15
Let q = -3 - -16. Calculate the highest common divisor of q and 13.
13
Let j = -2 + 6. Suppose j*s = -s + 20. Suppose -3*n = -2*n + 2*v - 69, 4*n + s*v = 264. What is the greatest common divisor of n and 7?
7
Suppose -95 = -5*p - v, 0 = -3*v - 2 - 13. Let f = 60 - p. What is the greatest common divisor of 5 and f?
5
Let x(y) = y - 3. Let z be x(3). Suppose 63 = 3*i - z*i. Calculate the highest common divisor of i and 3.
3
Suppose 0*q + 4*q = -o + 215, -2*o = -4*q + 230. Let g be ((-4)/10)/((-4)/220). What is the highest common divisor of g and q?
11
Let v(k) = 3*k - 4. Suppose -18 = -7*n + n. Let x be v(n). What is the greatest common factor of 2 and x?
1
Suppose q = -4*b + 20, -5*q + 5*b + 52 = b. Calculate the highest common factor of q and 12.
12
Let u = -4 - -3. Let w be u/(-2*3/132). What is the highest common factor of 22 and w?
22
Let q(z) = -z**2 - 7*z - 3. Let k be q(-6). What is the greatest common divisor of 21 and k?
3
Let f = -20 + 29. Let q be (-6)/f - 598/(-6). Calculate the greatest common divisor of q and 11.
11
Let l be 225/(-21) + 2/(-7). Let b = l + 20. What is the highest common factor of 36 and b?
9
Let v(b) = -b**2 - 6*b + 2. Let d be v(-6). Suppose x - 12 = 2*q, -5*q + 1 = 2*x + 22. Calculate the greatest common divisor of x and d.
2
Let i(n) = 5*n**2 + 6*n - 3. Let o be i(-3). What is the highest common divisor of 12 and o?
12
Suppose 0 = -5*f + 5*w, -w + 4 = 2*f - f. Suppose 5*c + f*j = -5, 2*c - 2*j - 22 = 2*j. Calculate the greatest common factor of c and 9.
1
Suppose 3*j = 7*j - 8, -3*a + 52 = 5*j. What is the greatest common divisor of 1 and a?
1
Suppose -w + 5*y + 40 = 5, -2*w - 5*y = -40. Let p = -14 + w. Suppose p = z - 0. Calculate the highest common factor of z and 1.
1
Suppose 5*y - 3*l - 16 = -1, 5*y - 2*l - 20 = 0. Suppose 3*u = 1087 - 121. Let x be u/6 + (-2)/(-6). What is the highest common divisor of y and x?
6
Let i = 1 - -11. Let t(z) = z**3 + 10*z**2 + 6*z - 9. Let r be t(-7). What is the highest common divisor of r and i?
12
Suppose -3*j = -5*y - 88, 2*y - 68 = -3*j - 3*y. What is the highest common factor of 104 and j?
26
Let z(c) = c**3 + 5*c**2 - c + 2. Let y be z(-5). Suppose -3*h - 28 = -y*h. Let g = -103 + 138. Calculate the greatest common factor of h and g.
7
Let m(k) = -k**3 - 3*k**2 - 6. Let j be m(-5). Let u = -20 + j. What is the greatest common factor of 8 and u?
8
Suppose -j - 3*j + 28 = -3*k, -3*j = k - 8. Let q be j/6*(-396)/(-2). Suppose -5*a = -a - 48. What is the highest common factor of q and a?
12
Let i(g) = 3*g - 2. Let d be i(-4). Let l = 28 + d. Calculate the greatest common divisor of l and 154.
14
Let h(y) = -y**2 - 14*y - 5. Let j(t) = -t**3 - 6*t**2 - 6*t - 4. Let d be j(-4). Let w be h(d). Calculate the greatest common divisor of w and 76.
19
Let g be 2 + -4 + 2/2. Let a be (g/2)/((-2)/44). What is the greatest common divisor of 11 and a?
11
Let d(f) = -f**3 + 9*f**2 + 22*f + 23. Let r be d(11). What is the greatest common factor of 23 and r?
23
Let u be (-324)/8 - 3/2. Let j = 75 + u. Calculate the highest common factor of j and 22.
11
Let f(v) = -28*v - 76. Let q be f(-3). Suppose -5*t = -222 - 33. Let c = -19 + t. What is the highest common factor of q and c?
8
Let k(t) = -t**3 - 4*t**2 - 2*t + 2. Let c be k(-4). Let l = c - 8. Calculate the greatest common divisor of 5 and l.
1
Suppose 4*f - 17 + 1 = 0. Let a be -1 - 1 - (-1 + -14). Let p = a - -3. What is the highest common factor of f and p?
4
Let u = 105 - 10. Calculate the highest common factor of 38 and u.
19
Let i(t) = -t**2 + 8*t + 1. Let j(z) = -z**2 + 7*z + 1. Let f(h) = 3*i(h) - 2*j(h). Let o be f(9). Calculate the highest common factor of o and 90.
10
Let y = 12 + -1. Let z(v) = 6*v**2 - 3*v - 3. Let g be z(-4). Let u = g + -28. Calculate the highest common divisor of y and u.
11
Let n = -16 + 25. Let l(i) = 4*i**2 - i + 1. Let m be l(-2). Let j = m + n. Calculate the greatest common divisor of 4 and j.
4
Let j be (17 + -14)*(1 - 0). Let a(b) = -b**3 + 4*b**2 - 2*b. Let f be a(j). What is the greatest common factor of f and 3?
3
Let w = 5 + 19. Let j be (-144)/30*(-20)/8. Calculate the highest common divisor of w and j.
12
Let n(p) = p - 6. Let d be n(17). Calculate the greatest common factor of d and 88.
11
Suppose 0 = 2*b + 352 + 70. Let q = b + 309. Calculate the highest common factor of q and 14.
14
Let x = 14 + -3. Let t be 2/(((-33)/(-18))/x). Calculate the highest common divisor of 4 and t.
4
Let x = -5 + 9. Suppose -3*s + 4*s = 3*h + 5, -3*s + 2*h + 8 = 0. What is the highest common divisor of s and x?
2
Let p(h) = h**2 - 3*h - 4. Let o(c) = -c**2 + 4*c + 4. Let x(n) = 3*o(n) + 2*p(n). Let j be x(4). Calculate the highest common factor of 24 and j.
12
Suppose 5*f = 5*d + 10, 0 = -5*f + d + 2 - 8. Let g(y) = 3*y**2 + 3*y. Let p be g(f). What is the greatest common divisor of p and 24?
6
Suppose j - 40 = -2*j + 5*i, 5*i + 25 = 0. What is the highest common divisor of 10 and j?
5
Let z = -41 - -52. What is the greatest common factor of z and 1?
1
Let d(m) = 4*m**2 - 6*m - 4. Let h be d(-3). Calculate the highest common factor of 25 and h.
25
Suppose -2 = -a - 0. Calculate the greatest common factor of 1 and a.
1
Let u = 2 - 2. Suppose -3*q - 32 = -5*z - u*q, -2*z - 12 = 5*q. Suppose j - z*j = -39. Calculate the highest common factor of 117 and j.
13
Suppose v + v - 6 = 0. Let q be -1 + v + 14 + -4. Calculate the greatest common factor of q and 132.
12
Suppose 2*b + 18 = 3*u - 0, -b = 4*u + 20. Let o = b - -7. Let s be (-1)/o - (-449)/5. What is the greatest common factor of s and 18?
18
Let g be 1 + 4 + 3 + 0. What is the highest common factor of 24 and g?
8
Let a = -39 + 57. Let m be (2/(-4))/((-2)/116). Let b be 3 + -6 - (-1 - m). What is the greatest common factor of b and a?
9
Suppose -a + 5 = 0, -5*l + 10*l = 4*a - 5. Suppose 0 = 2*i - l*i + 1, -5*f + 17 = -3*i. Calculate the greatest common factor of f and 20.
4
Let v be (-4)/7 + 32/7. Let z be (v/(-2) - -27) + 0. Calculate the highest common factor of 10 and z.
5
Let j = -10 - -17. Suppose -2*r - 90 = -j*r. Calculate the greatest common factor of r and 27.
9
Let f(g) = -g**2 - 4*g + 7. Let j be f(-5). Suppose 0 = v - j*n - 196, -2*v + 395 = -4*n + 3*n. What is the greatest common factor of 18 and v?
18
Suppose 0 = -5*s - 20, 0 = 5*l + 5*s - 49 - 76. Calculate the greatest common divisor of 290 and l.
29
Let g be (-2)/(-10) - 36/(-20). Suppose l = w + 3*w + 72, w = -g*l + 117. Calculate the highest common divisor of 15 and l.
15
Let r(s) = 2 - 5*s**2 + 3*s**2 + 3*s**2 - s. Let m be r(-2). Let w = 201 + -137. What is the highest common factor of w and m?
8
Let g(p) = p**3 - 3*p**2 + 1. Let s be g(4). What is the greatest common factor of 17 and s?
17
Let j(g) = g**2 + 1. Let d be j(-2). Let a be (-6)/d*320/(-12). What is the highest common factor of 4 and a?
4
Suppose -5*s + 16 = -4*k, 3*k - 8 = -s - k. Let b be 2/4 + 74/s. Let p = 194 + -99. Calculate the highest common divisor of b and p.
19
Suppose -5*y = -20 - 5. Suppose 3*a - y*k + 1 = 0, 3*a + 0*a - k = 7. Suppose -a*w + 96 = -0*w. Calculate the greatest common divisor of 16 and w.
16
Let x be (0 - 1)/((-2)/42). Let i = -9 + x. What is the highest common factor of i and 48?
12
Let v(r) = -5*r**3 + 2*r + 1. Let a be v(-1). Let y be 2/8 + 59/a. Let g = -10 + y. What is the greatest common factor of 2 and g?
1
Suppose 2*f = 3*u - 2*u, -5*u = 2*f. Let j = f - -4. What is the highest common factor of 8 and j?
4
Let p be 3098/14 + (96/(-42))/8. Calculate the greatest common factor of 17 and p.
17
Suppose 2*a + 40 = 7*a. Calculate the highest common divisor of 16 and a.
8
Let t = 97 + -67. Let b(p) = 